 = 0. Calculate the greatest common factor of o and t.
18
Suppose 2*j - 2*t + 26 = 4*j, 5*t = -3*j + 35. Suppose -108 = -5*p - y, 4*p - 104 = -620*y + 617*y. Calculate the greatest common factor of j and p.
5
Let p = 7 - 3. Suppose -12 = -m + 4*o, -p*m + 3*o + 35 = -0*o. Suppose 3*v = 16 + m. Calculate the highest common factor of v and 8.
8
Let y(n) = 19*n**2 - 340*n - 43. Let t be y(19). Calculate the greatest common divisor of t and 10146.
178
Let z be (1/(-3))/((-2)/12). Suppose 7*y = 6*y + 3. Suppose -10 = c - y*c. What is the highest common divisor of z and c?
1
Suppose 0 = 5*r - 137 - 488. Let o = -45166 - -47291. Calculate the highest common factor of r and o.
125
Suppose 2*b - g = 11, -b = 2*b - 4*g - 24. Suppose -b*p = -11*d + 6*d - 970, -p - 2*d = -236. Calculate the highest common divisor of 30 and p.
30
Let l = -15527 + 15799. Suppose 41 = 4*t - 27. Calculate the highest common factor of t and l.
17
Let n be (-3 + 9/(-3))*(-7645)/834. Calculate the greatest common factor of n and 680.
5
Let f(t) be the first derivative of t**3/3 - 3*t**2/2 - 65*t + 11. Let o be f(0). Let v be (-208)/o + 2/(-10). What is the highest common divisor of v and 33?
3
Let m(j) = j + 45. Let r(w) = -3*w - 88. Let u(d) = 5*m(d) + 3*r(d). Let i be u(-15). Calculate the highest common factor of 189 and i.
21
Suppose -g + 4*m = -527 + 63, -m = 3*g - 1418. Calculate the highest common divisor of 456 and g.
8
Suppose 0 = 4*n + 2*y + 2*y - 40, -28 = -3*n - y. Let x be -65*(-1 + -1)/2. Let v = x - 47. Calculate the highest common divisor of n and v.
9
Suppose a - 125 = -4*a + r, -2*r = -a + 25. Let t = 61 - a. What is the highest common factor of 1476 and t?
36
Let k = -3 + 234. Suppose -115 = 5*w + 50. Let n = w - -54. What is the highest common divisor of n and k?
21
Suppose -1151 = -3*h + 841. What is the greatest common divisor of 48 and h?
8
Suppose 12*p - 1116 = -0*p. What is the greatest common factor of 3813 and p?
93
Let p(y) = 61*y**2 - 448*y - 6101. Let o be p(-14). What is the highest common factor of 134 and o?
67
Suppose -46 + 112 = 22*i. Suppose 0*w = -2*w - i*r + 5, 4*w - r - 45 = 0. What is the highest common factor of w and 320?
10
Suppose -v + 20 = 2*j, 11*v - 92 = 7*v - 2*j. Suppose 0 = 3*g + 3*d - 9, -d - 4 = -3*g + 17. Calculate the greatest common divisor of g and v.
6
Let v(z) = -2*z**3 + 6*z**2 + z - 7. Let o be v(5). Let q = o + 245. Let g = 25 + q. Calculate the highest common divisor of g and 14.
14
Let y(x) = -4*x**2 - 6*x + 25. Let p(q) = -5*q**2 - 5*q + 25. Let j(z) = 2*p(z) - 3*y(z). Let f be j(3). What is the greatest common factor of 799 and f?
17
Let o(m) = 2*m**2 - 28*m - 19. Let r be o(15). Suppose -r = -3*i - 5. Suppose i*d - 6*d + 204 = 0. Calculate the greatest common factor of 34 and d.
17
Let d(b) = 62*b**3 - 2*b**2 - 11*b + 11. Let f be d(1). What is the highest common factor of 5895 and f?
15
Suppose -15 = -q + 7*v + 91, 0 = 4*q + 3*v - 238. What is the greatest common factor of 2016 and q?
32
Let m be (46/10 - (-28)/(-28))*40. Let k = -84 - -164. Suppose 5*r + k = 10*r. What is the greatest common divisor of r and m?
16
Let o be (4 - -1)/(-5) + 1. Suppose -4*l + 3*u - 2*u + 410 = o, 4*l - 404 = -2*u. Suppose 5*f - l = 18. What is the greatest common factor of f and 216?
24
Suppose 368*b - 22 = -3*i + 367*b, 5*b + 79 = 12*i. Suppose -2*m - 3*y - 5 = -7*m, 2*m = 5*y + 2. Calculate the highest common factor of m and i.
1
Let s be ((-1664)/48)/((-6)/81). Suppose u - 120 = -2*n, 3*u + 5*n = -u + s. What is the greatest common factor of u and 32?
16
Suppose j - 34 = -4*m, 2*j - 18 = -3*m + 5*m. Suppose -d - 14 = -3*d + 4*k, 3*k = 0. Calculate the greatest common factor of j and d.
7
Let d be 0 + (-5)/3 - (22040/(-57) - 21). Calculate the greatest common divisor of 1450 and d.
58
Let b = -47 + 85. Suppose 4*f - 720 = -5*z, 4*z = -3*f + 910 - 372. What is the highest common factor of b and f?
38
Let o be 10206/135 - (-10)/25. What is the highest common divisor of 12 and o?
4
Suppose 10144 = 298*q - 154054. What is the greatest common divisor of 209 and q?
19
Let i = 143 - 138. Suppose -f = l - 57, -3*l - 2*l + i*f + 235 = 0. What is the greatest common factor of 78 and l?
26
Let x be (-21)/(-14) - 10/(-4). Suppose -x*m + 2*k + 69 = -143, -10 = -5*k. Calculate the greatest common factor of 90 and m.
18
Suppose 2*v - 6*v = -8. Suppose r + 5*j = -0 + 3, 3*r - v*j = 43. Let d be ((-325)/50)/((-2)/36). Calculate the greatest common divisor of d and r.
13
Let n(f) = -f**2 + 3*f + 4. Let r be n(4). Suppose -3*v - 2*h = -620, v + 2*h - 36 - 164 = r. Calculate the highest common factor of 60 and v.
30
Let m = 90 + -86. Suppose j = m*s - 0*j - 23, 14 = 3*s - 4*j. What is the highest common factor of s and 48?
6
Suppose h - 45 = -4*x, h - 45 = -5*x - 4*h. Let r be 1*x + 0*(-6)/42. Calculate the highest common factor of r and 54.
6
Suppose 0 = 4*x + 3*k - 3, 2*x - 7 = -2*k - 5. Suppose -4*p + 25 = -o - 222, x = 5*p - 5*o - 290. What is the highest common factor of 42 and p?
21
Let l be 4/2 + -2 - 0. Let v be (3 + 3 + -5)*(1 + l). Let q(c) = 38*c**3 + 3*c - 2. Let o be q(v). Calculate the greatest common factor of 26 and o.
13
Suppose -3*n + 384 = 4*c, -18*n = -3*c - 16*n + 288. Calculate the highest common divisor of 708 and c.
12
Let d(j) be the first derivative of -11*j**2/2 - 6*j + 5. Let g be d(-6). Suppose 2*q + q = g. What is the highest common divisor of q and 80?
20
Let c(r) = -r + 21. Suppose -l + 2420 - 2427 = 0. Let n be c(l). Calculate the highest common divisor of 70 and n.
14
Suppose -5*q = -3*q - 10, 0 = n - 4*q - 1. Let c be 52/6 - (-28)/n. Suppose -c*m = -11*m + 34. Calculate the highest common factor of 85 and m.
17
Let n be 38 + 2 - 28/7. Suppose -23*d + n = -22*d. Calculate the highest common divisor of d and 9.
9
Let i(p) = -p**2 - 17*p - 197 - 175 + 348. Let j be i(-6). What is the highest common factor of j and 6?
6
Let m = 70 - -81. Let b(h) = 2*h**2 + 89*h + 93. Let l be b(-44). Suppose 5*p - m = l. What is the highest common divisor of p and 30?
10
Suppose 68*x - 130*x + 67*x = 6525. What is the greatest common factor of x and 45?
45
Suppose f + 3*t - 301 = 0, 5*t + 587 = 2*f + 8*t. Let x = f + -271. What is the greatest common divisor of 120 and x?
15
Let a = 8370 + -6875. What is the greatest common divisor of 260 and a?
65
Suppose 0 = 4*d + 3 - 51. Suppose -5*z = -4*f - 20, -3*z - 2*f - 9 = 1. Suppose 5*w - 4*w - 48 = z. Calculate the highest common factor of w and d.
12
Suppose 1965*h = 1885*h + 85200. What is the greatest common factor of 1349 and h?
71
Let k be ((-3810)/(-8))/((-6)/54*(-702)/208). What is the highest common factor of 10 and k?
10
Let a(w) = 114*w + 5. Let o be a(5). Suppose 7*t - 325 = u, -377*t + 129 = -374*t + 3*u. What is the greatest common divisor of o and t?
23
Suppose -5*j = 10*j - 720. Let d = 170 - 154. Calculate the highest common divisor of j and d.
16
Let n be (-1284)/(-6) - (-9 - -25). Calculate the highest common factor of n and 2277.
99
Let f(w) = -w**2 + 16*w - 9. Let t be f(11). Let s = 55 - t. Suppose -p - s + 18 = 0. Calculate the greatest common factor of p and 9.
9
Let h = -70 + 197. Let x = h - 72. Let j be 1 + 1 - (-11)/(x/650). What is the greatest common divisor of j and 12?
12
Suppose -3*r - 2*w - 396 = -55, -r = 5*w + 92. Let s = r - -197. Let u(g) = 16*g + 896. Let v be u(-54). What is the highest common divisor of v and s?
16
Let v be (-2)/(-11) - (-3230)/22. Suppose v*u = 142*u + 475. What is the highest common divisor of u and 57?
19
Let b be 788/18 + -2 + 66/297. What is the greatest common divisor of 14406 and b?
42
Suppose -4*q = 5*n - 16149, 0 = -q + 14*n - 11*n + 4067. Calculate the greatest common factor of q and 70.
14
Let d = 21 + -26. Let m(c) = -2*c**3 - 3*c**2 + 4*c - 3. Let w be m(d). Suppose -9*z = -8*z - w. Calculate the greatest common divisor of z and 19.
19
Let s = 8492 + -8199. Calculate the greatest common factor of s and 7.
1
Let f(s) be the second derivative of 4*s**3/3 - 17*s**2 - 3*s - 5. Let l be f(5). Calculate the greatest common divisor of 114 and l.
6
Let v be (60/(-240))/((-1)/16). Suppose v*x + 2*t - 29 = 85, 5*t + 5 = 0. What is the highest common divisor of 667 and x?
29
Let p = 280 + -202. Suppose 4*l - 5*n - 1170 = 0, 73*